a = -34, 0 = d - 3*a - 22. Suppose 15 = -5*s - 20. Let p be s/((-21)/6) - 0. What is the highest common divisor of p and d?
2
Let x be (-24 - -36)*(-1)/(-2). Suppose h - 29 = -6*v + 2*v, 3*v + 7 = 5*h. What is the greatest common factor of x and v?
6
Let k(c) = 4*c + 9. Let x be k(6). What is the highest common factor of x and 22?
11
Suppose -2*u + 14 = -0*u. Calculate the greatest common factor of u and 14.
7
Suppose t - 1 = 5*t - u, 0 = 3*u - 3. Suppose 2*j - 7*j + 514 = 3*s, -5*s - 10 = t. What is the highest common divisor of 13 and j?
13
Let z be (-3 - (1 + -2)) + -10. Let o be (-1)/3 - 1192/z. What is the greatest common divisor of o and 9?
9
Let u = -87 + 159. Let z(m) = 6*m**2 + 3*m - 3. Let c be z(-4). Let q be c/(-12)*8/(-3). What is the greatest common divisor of q and u?
18
Suppose p - 2*x - 7 = -0*x, 2*p + x + 1 = 0. Calculate the greatest common factor of 2 and p.
1
Let y = -17 - -12. Let v be (-4)/(-20) + (-279)/y. Calculate the highest common factor of 7 and v.
7
Let r(x) = 3*x - 4. Let i be r(6). Suppose -7*t + 4*t + 456 = 0. Let a be 3/3 + 1 + t. What is the highest common divisor of i and a?
14
Let i(c) = c + 1. Let b(l) = l + 7. Let f(n) = b(n) - 2*i(n). Let k be f(3). What is the greatest common factor of k and 6?
2
Suppose 0*x = 3*x + 45. Let g = -4 - x. Suppose 2*f - 19 - 25 = 0. What is the greatest common factor of f and g?
11
Suppose -3*f - 5*f + 240 = 0. What is the greatest common factor of 15 and f?
15
Let f = -16 - -17. What is the greatest common divisor of 3 and f?
1
Let y(a) = -a + 1 + 6 + 1. Let i be y(0). Let b(c) = -2*c**2 + 2*c + 1. Let f be b(1). Calculate the highest common factor of i and f.
1
Let w be 4 + 1713/18 + 2/(-12). Let s be ((-2)/6)/(1/(-6)). Suppose -i + s = -7. Calculate the greatest common factor of i and w.
9
Let m(i) = i**2 - 13*i - 12. Let z be m(14). Let o be 6 + -1 + -3 + z. Calculate the greatest common divisor of 8 and o.
4
Let z(m) = 2*m**2 - 12*m + 1. Let b be z(8). Let a be 1/(-2 + 26/14). Let v(f) = f**2 + 6*f + 4. Let n be v(a). What is the highest common divisor of b and n?
11
Let y be ((-2)/(-4))/((-1)/(-22)). Let t(j) = j**2 + 6*j - 5. Let c be t(3). Calculate the highest common factor of y and c.
11
Let l(w) = -5*w + 2 - 2*w**2 + 3*w**2 + 2. Let s be l(6). Suppose 0 = j - 10 - s. What is the greatest common divisor of 50 and j?
10
Let f be 44 + (-2 + 0)*-1. Calculate the highest common factor of 23 and f.
23
Suppose -a = -4*a + 33. Suppose -28 = -2*u - 2*u. Let k = a - u. Calculate the highest common factor of 36 and k.
4
Suppose 13*u - 17*u + 360 = 0. Calculate the highest common divisor of 60 and u.
30
Suppose -52 = -l + 3. Let w be (-15 + (-2 - -6))/(1 + -2). Calculate the highest common factor of l and w.
11
Suppose 5*s + 14 = 2*v - 0*s, -2*v + 3*s = -14. Let j = -2 + v. What is the highest common factor of 1 and j?
1
Suppose -2*p - p = 180. Let i = 168 + p. Let q(n) = -n**3 + 5*n**2 + 7*n + 6. Let r be q(6). Calculate the highest common factor of i and r.
12
Suppose -8 = -3*g - 32. Let u(h) = -h**3 - 8*h**2 - 3*h. Let n be u(g). Let o be n*-4*2/(-12). Calculate the highest common divisor of 144 and o.
16
Suppose -3*a = -4*a + 12. What is the greatest common factor of 132 and a?
12
Suppose -3*r = -4*u - 53, -u = -5*r + 69 + 8. Let b be (33/(-5))/((-1)/r). What is the highest common factor of b and 11?
11
Let z(s) = s**2 + 40. Let j be z(0). Suppose 168 = -3*i - 4*m - 0*m, 224 = -4*i + 3*m. Let y = j - i. What is the greatest common factor of y and 12?
12
Suppose 4*i = -3*d + 29, 9 = 2*i + 4*d - 3. What is the greatest common divisor of 56 and i?
8
Let w be (10 - 12)/((-1)/7). What is the highest common factor of 35 and w?
7
Let t = 42 + 43. What is the greatest common divisor of t and 5?
5
Let q(g) = -g**3 + g**2 + g. Let m(n) = 3*n**3 - 4*n**2 - 5*n - 90. Let w(f) = -m(f) - 4*q(f). Let x be w(0). What is the highest common factor of x and 10?
10
Let s(o) = o**2 + 2*o**2 - o**3 + 3*o**2 - 3*o - 4*o**2 + 2. Let m be s(-4). What is the greatest common divisor of 10 and m?
10
Suppose 3*c + 21 = 4*c. Let p be (0 + 3)*28/c. Calculate the highest common divisor of 1 and p.
1
Let f be 5*(-2 + (-114)/(-15)). Let t be -3 - (3 + -4 - f). What is the highest common divisor of 39 and t?
13
Let j(u) = -11*u**3 - 3*u**2 + 3*u - 3. Let k be j(2). Let b = 239 + k. Suppose -3*g + 131 = -b. Calculate the greatest common divisor of 13 and g.
13
Suppose 2*b + 81 = 3*b. Let n be (2 + 0 - -4)*1. Let v be (-36)/(-10)*15/n. Calculate the highest common divisor of v and b.
9
Let j(h) = -h**2 + 170. Let u be j(0). Suppose 6*k = k + u. Calculate the greatest common factor of 51 and k.
17
Let w(y) = y - 1. Let x be w(-6). Let i(o) = -o**2 - 6*o + 10. Let s be i(x). What is the highest common divisor of s and 21?
3
Let p(t) = -t - 2. Let m be p(-5). Suppose m*q - 26 = 31. What is the greatest common divisor of q and 19?
19
Let b(y) = -7*y + 8. Let u be b(-4). Suppose -6*c = -c - 3*j - 48, j = -2*c + 28. Calculate the highest common divisor of u and c.
12
Suppose -d = b + 2*d - 6, -b - 4*d = -5. Suppose -104 = i + 76. Let u be (-2 - -4)/((-8)/i). Calculate the highest common factor of b and u.
9
Let d = 50 - 25. Calculate the greatest common factor of 5 and d.
5
Suppose -59 = -3*q + 28. Suppose q = 2*k + 3*k + n, 4*k = 2*n + 12. Let r = k + 2. What is the highest common divisor of r and 14?
7
Let z = 95 - 63. Calculate the greatest common divisor of 4 and z.
4
Suppose -p + 2*p - 5 = 0. Let y = -41 + 45. Suppose 15 = -p*f, y*i - f - 26 = 5. What is the highest common divisor of 14 and i?
7
Let d = -12 - -18. Let b be (1 + -3)*d/(-3). Calculate the greatest common factor of b and 2.
2
Let c = -27 + 41. Suppose -5*m - 9 = -24. Suppose m*p - 12 = 0, 3*x + 3*p = -x + 460. Calculate the highest common divisor of c and x.
14
Let s = -10 - -8. Let m = s + 5. What is the greatest common factor of m and 3?
3
Let t = -69 - -117. Suppose 20 = 2*y - 6*b + b, 3 = y + b. Suppose -q - 5*f + 14 = 3*q, 0 = -y*q + f + 32. What is the highest common divisor of t and q?
6
Let z be (-4)/2 - 8*-1. Let a(f) = f - 5. Let p be a(0). Let d(o) = -3*o - 6. Let j be d(p). What is the greatest common factor of j and z?
3
Suppose 54 - 379 = -5*o. What is the greatest common factor of o and 13?
13
Let b be (2/(-6))/((-3)/585). What is the greatest common factor of b and 13?
13
Suppose -86 = -a - 2*q, 2*a - 7*q - 163 = -2*q. What is the highest common divisor of a and 12?
12
Let r(t) = -13*t**3 - 3*t**2 + 2*t. Let x be r(-2). Suppose 14 + 8 = a. Calculate the greatest common divisor of a and x.
22
Let n(o) = -1 - 5 - 3*o + 6*o - 2*o. Let c be n(7). Calculate the highest common divisor of c and 3.
1
Suppose -4*k + 4*b = -32, b + 1 = 5*k - 19. Let p = k - -61. Suppose -g - p = -5*g. Calculate the highest common divisor of g and 2.
2
Suppose -128 + 24 = 2*i. Let l = -34 - i. Suppose z = -0 + 18. Calculate the highest common factor of l and z.
18
Suppose -125 = -9*k - 98. Suppose 7*q - 4*q = -9, -3*d - 4*q = -51. What is the greatest common factor of k and d?
3
Let f(o) = -o**2 + 8*o + 2. Let y be f(8). Let l be 16*(-1 - (y + -5)). Suppose 4*k = -18 + 50. What is the highest common divisor of k and l?
8
Suppose 2*r + 16 = -5*y, -2 = 2*r - 5*y - 6. Let o = r + 13. What is the greatest common divisor of o and 40?
10
Suppose -5*x + 2*x + 18 = 0. Let r be (-3)/2 - (-261)/x. What is the greatest common factor of r and 63?
21
Suppose 2*w + 5*b - 13 = 0, -w + 0 = 4*b - 5. What is the highest common factor of w and 72?
9
Let y(z) = z**2 + 8*z - 4. Let w be y(-9). Suppose 4*d = l - 105, -2*l - 315 = -w*l + 3*d. What is the greatest common factor of l and 21?
21
Let u(m) = 9*m**2 + 6*m - 4. Let q(c) = -17*c**2 - 11*c + 7. Let b(v) = -6*q(v) - 11*u(v). Let a be b(2). Calculate the greatest common factor of a and 126.
14
Let r = -2 - -3. Suppose q - 2*c + 0*c = 12, 0 = c + 1. Let b = q + -8. What is the highest common divisor of b and r?
1
Suppose 45 = c + 2*c. Let b be (-36)/(-3)*40/c. What is the highest common divisor of b and 8?
8
Suppose 22 = -2*k - 18. Let j = -2 - k. Calculate the highest common divisor of 9 and j.
9
Suppose -4*g + 16 = -0*g + 4*f, -3*g + 2*f = -22. Suppose -199 = -3*p - 0*t + t, 5*p = 3*t + 333. Calculate the highest com